-1675376
What is 110111100001011111 (base 2) in base 6?
4512515
327848 (base 13) to base 6
41243012
1721426 (base 12) to base 11
2769a91
What is -1052645 (base 8) in base 16?
-455a5
-e86f (base 16) to base 13
-21112
What is -102222201000111 (base 3) in base 2?
-11000010011100010010001
What is -426204 (base 10) in base 14?
-b1472
What is 2222122102 (base 3) in base 16?
e5a6
What is feaae (base 16) in base 6?
34205130
What is -16088 (base 14) in base 2?
-1101011011011000
Convert -e1ec0 (base 16) to base 9.
-1660335
1221123102 (base 4) to base 13
121725
What is -211021210220200 (base 3) in base 7?
-202453602
85d34 (base 16) to base 3
1000211220210
-27187 (base 14) to base 4
-113201203
-34440014 (base 5) to base 15
-62624
-33421265 (base 7) to base 11
-16a8973
Convert -724da (base 14) to base 13.
-9845a
What is -79214 (base 10) in base 9?
-130585
-450335045 (base 6) to base 16
-7c4e25
-2362346 (base 7) to base 5
-34112432
What is -1254602 (base 9) in base 15?
-d82b8
349463 (base 12) to base 16
ce74b
Convert e447e4 (base 15) to base 2.
101001011000101100001111
18c8a (base 15) to base 13
2a80b
Convert -6374c (base 13) to base 15.
-3816e
Convert -3b6228 (base 13) to base 15.
-1d721e
What is 1110001110010111001 (base 2) in base 12?
1a58a1
586138 (base 12) to base 6
50240512
Convert 101010001110101101 (base 2) to base 10.
172973
5566067 (base 8) to base 14
2b1687
What is 11442788 (base 9) in base 3?
101111102212222
What is 1b0993 (base 12) in base 9?
808133
Convert 4252104 (base 6) to base 10.
209128
What is -11114230 (base 5) in base 6?
-2034001
Convert -18375b (base 12) to base 13.
-119804
11001110001001101100 (base 2) to base 10
844396
-16a31 (base 16) to base 13
-33285
Convert -1066262 (base 7) to base 3.
-20211011102
What is 30121120301 (base 4) in base 12?
1108755
What is -114750 (base 10) in base 14?
-2db66
Convert 5b894 (base 14) to base 2.
110110101011011010
Convert 1010110101010111010000 (base 2) to base 4.
22311113100
Convert 21003313303 (base 4) to base 13.
652123
285137 (base 9) to base 2
101010100100001010
What is -34d4a4 (base 14) in base 10?
-1803736
Convert -10220445 (base 6) to base 3.
-120011010102
Convert -5252151 (base 7) to base 3.
-1012020120000
What is -7510346 (base 8) in base 12?
-8072b2
Convert 11011100000011111 (base 2) to base 15.
235b6
What is -2452520 (base 6) in base 8?
-400700
-442506 (base 9) to base 4
-1000201311
-1110111001011010110101 (base 2) to base 11
-2228047
d5ce (base 16) to base 14
15d38
30713332 (base 8) to base 2
11000111001011011011010
Convert 1160115 (base 7) to base 2.
100100010110111011
What is 475544 (base 8) in base 5?
20201120
Convert -1400758 (base 10) to base 2.
-101010101111110110110
What is 26548 (base 11) in base 12?
19b45
What is 2a661 (base 14) in base 2?
11001110000111101
Convert -5351211 (base 6) to base 10.
-263383
Convert 101313220010 (base 4) to base 9.
8728568
Convert 1132150 (base 8) to base 3.
120122221120
-536042 (base 8) to base 13
-63773
Convert -365040 (base 9) to base 4.
-311300202
1010000010101011010 (base 2) to base 7
2540221
-4536146 (base 7) to base 11
-3557a5
Convert 2761a (base 13) to base 6.
1324242
Convert -11360338 (base 10) to base 16.
-ad5852
Convert -2035321 (base 7) to base 15.
-4c61d
6762426 (base 8) to base 4
12332110112
d610 (base 14) to base 3
1212120021
What is -58734 (base 11) in base 10?
-84737
Convert -1170985 (base 10) to base 7.
-12644644
What is -101010010001011110 (base 2) in base 14?
-4715c
1550515 (base 11) to base 7
31346551
Convert -b7647 (base 13) to base 15.
-67e68
-1101100010011101000110 (base 2) to base 9
-6608271
11101100110001111 (base 2) to base 15
25dc1
What is -1135584 (base 11) in base 13?
-545cc9
37c7f2 (base 16) to base 10
3655666
-8823234 (base 9) to base 10
-4739422
Convert 2112302032 (base 4) to base 14.
121114
What is -778726 (base 10) in base 5?
-144404401
Convert 178bc2 (base 15) to base 10.
1143407
c517a (base 14) to base 15
95b2b
What is 89168 (base 13) in base 16?
3cac4
-2310433 (base 6) to base 7
-1001214
What is -2212200011 (base 3) in base 16?
-dd2f
-1263533 (base 7) to base 16
-28c37
Convert -10211012212001 (base 3) to base 6.
-111313344
Convert -d1743 (base 14) to base 8.
-1727437
Convert 16076 (base 10) to base 16.
3ecc
What is 4246f (base 16) in base 9?
453344
What is -27839 (base 14) in base 13?
-355b3
Convert 54140000 (base 6) to base 12.
651600
-1323303101 (base 4) to base 11
-316a90
-101110010011010110001010 (base 2) to base 4
-232103112022
What is -10dfe (base 16) in base 6?
-1251554
Convert -10224422 (base 5) to base 2.
-10101000011011101
What is 11521115 (base 7) in base 13?
2a1031
12134521 (base 6) to base 14
a0933
Convert -1673714 (base 8) to base 10.
-489420
What is -65749 (base 11) in base 9?
-154771
-2a59678 (base 13) to base 5
-11430431424
Convert 241013034 (base 6) to base 3.
22112000200211
What is 18013 (base 16) in base 5?
11121243
-267557 (base 8) to base 14
-263cb
Convert 364786 (base 12) to base 3.
1122122200010
Convert 228216 (base 13) to base 7.
6643536
-22211210220110 (base 3) to base 11
-2720633
What is -5173 (base 13) in base 15?
-34ed
-200121010221122 (base 3) to base 4
-211231001201
Convert 10140423 (base 6) to base 8.
1074277
Convert 971691 (base 11) to base 4.
11323122313
-142b (base 16) to base 2
-1010000101011
-165061c (base 13) to base 11
-4077300
What is 35025454 (base 8) in base 16?
742b2c
Convert -33242521 (base 7) to base 12.
-b636a4
-97 (base 14) to base 13
-a3
-32242001 (base 7) to base 16
-29f588
11180187 (base 9) to base 13
117ca1b
Convert 841812 (base 11) to base 4.
11021122210
Convert 101113322111 (base 4) to base 16.
457e95
-19804b (base 14) to base 9
-1630207
What is 24837632 (base 9) in base 13?
26aa27a
4380349 (base 11) to base 2
11101010100101100011101
Convert 11001110100010001 (base 2) to base 14.
2a773
Convert 9091d (base 16) to base 13.
1796b7
58ccba (base 13) to base 10
2113498
What is 130003201 (base 4) in base 16?
1c0e1
Convert 40244303 (base 5) to base 16.
4e924
Convert -1430120304 (base 5) to base 14.
-6da354
Convert -10013121 (base 6) to base 3.
-112022201211
-113000320 (base 4) to base 3
-11210022021
1664054 (base 7) to base 14
61564
1111002211022 (base 3) to base 14
167964
Convert 10302403 (base 6) to base 16.
4a2e3
Convert b069 (base 15) to base 10.
37224
What is 49598 (base 10) in base 11?
3429a
-2d8779 (base 16) to base 11
-1758857
Convert -182224 (base 9) to base 8.
-335033
What is 12220121221220 (base 3) in base 11?
1856668
Convert 35065751 (base 9) to base 5.
13331042421
Convert 313342042 (base 5) to base 14.
261098
What is 31344 (base 6) in base 12?
2554
500945 (base 16) to base 9
10774118
-11110120100 (base 4) to base 16
-154610
Convert 33103354 (base 6) to base 11.
615613
Convert -795241 (base 12) to base 6.
-105305321
What is 124253505 (base 6) in base 15?
335952
193912 (base 14) to base 6
31052540
What is -240310401 (base 5) in base 12?
-452977
Convert 85103 (base 10) to base 16.
14c6f
What is 100034102 (base 6) in base 11?
a50579
Convert 2604b4 (base 12) to base 2.
10011000000011001000
What is -33771 (base 10) in base 13?
-124aa
What is -4010131242 (base 5) in base 7?
-124053614
-67050 (base 10) to base 13
-24699
Convert -24831 (base 12) to base 16.
-c1a5
-651cb6 (base 14) to base 11
-1a29792
What is -242a399 (base 12) in base 3?
-111012222200100
410572 (base 16) to base 13
b62753
232210002 (base 4) to base 2
101110100100000010
530275 (base 9) to base 4
1030330112
Convert -552553 (base 7) to base 5.
-11101014
What is 1977961 (base 10) in base 5?
1001243321
2222112120 (base 3) to base 2
1110010101011001
Convert 1614413 (base 8) to base 15.
92c5d
350627 (base 13) to base 2
100110011000100000011
What is -1ddd25 (base 16) in base 11?
-1117494
1402400 (base 5) to base 16
6f3b
-4326421 (base 7) to base 11
-330840
What is 1b4d7d (base 14) in base 6?
32513231
11010211002 (base 4) to base 11
828943
What is 10310321201 (base 4) in base 9?
2337532
Convert -76aa4 (base 15) to base 13.
-1027c3
1182978 (base 10) to base 3
2020002202000
Convert -306571 (base 8) to base 14.
-29121
Convert 1000010010101100101 (base 2) to base 10.
271717
Convert -154716 (base 8) to base 5.
-3241013
23572 (base 9) to base 6
201015
Convert 2572063 (base 8) to base 3.
1100110201222
What is